ten thousands digit of 14053?
1
What is the tens digit of 5892?
9
What is the thousands digit of 1126?
1
What is the thousands digit of 8733?
8
What is the units digit of 13879?
9
What is the units digit of 8050?
0
What is the hundreds digit of 143?
1
What is the tens digit of 68?
6
What is the tens digit of 385?
8
What is the units digit of 25427?
7
What is the tens digit of 1049?
4
What is the hundreds digit of 358?
3
What is the tens digit of 763?
6
What is the units digit of 5895?
5
What is the hundreds digit of 3533?
5
What is the thousands digit of 1027?
1
What is the units digit of 1709?
9
What is the thousands digit of 5294?
5
What is the hundreds digit of 2759?
7
What is the hundreds digit of 16942?
9
What is the hundreds digit of 3685?
6
What is the ten thousands digit of 15409?
1
What is the tens digit of 774?
7
What is the ten thousands digit of 22650?
2
What is the tens digit of 75070?
7
What is the ten thousands digit of 38344?
3
What is the thousands digit of 3990?
3
What is the units digit of 390?
0
What is the ten thousands digit of 21597?
2
What is the thousands digit of 5060?
5
What is the hundreds digit of 2487?
4
What is the thousands digit of 8301?
8
What is the hundreds digit of 212?
2
What is the hundreds digit of 1183?
1
What is the units digit of 40?
0
What is the thousands digit of 5972?
5
What is the units digit of 99906?
6
What is the units digit of 4360?
0
What is the ten thousands digit of 98364?
9
What is the tens digit of 5889?
8
What is the thousands digit of 29598?
9
What is the ten thousands digit of 92087?
9
What is the tens digit of 60225?
2
What is the tens digit of 1921?
2
What is the hundred thousands digit of 151938?
1
What is the tens digit of 3388?
8
What is the units digit of 1859?
9
What is the ten thousands digit of 106593?
0
What is the tens digit of 1826?
2
What is the tens digit of 90279?
7
What is the tens digit of 3045?
4
What is the thousands digit of 2595?
2
What is the tens digit of 15067?
6
What is the thousands digit of 2287?
2
What is the tens digit of 426?
2
What is the units digit of 4087?
7
What is the hundreds digit of 96409?
4
What is the tens digit of 14242?
4
What is the ten thousands digit of 15652?
1
What is the tens digit of 14033?
3
What is the thousands digit of 2646?
2
What is the units digit of 4179?
9
What is the tens digit of 85?
8
What is the tens digit of 17626?
2
What is the units digit of 1757?
7
What is the thousands digit of 32993?
2
What is the hundreds digit of 2232?
2
What is the units digit of 142504?
4
What is the hundreds digit of 94924?
9
What is the thousands digit of 2422?
2
What is the thousands digit of 16602?
6
What is the units digit of 4034?
4
What is the hundreds digit of 912?
9
What is the thousands digit of 31490?
1
What is the thousands digit of 50083?
0
What is the hundreds digit of 28126?
1
What is the thousands digit of 19046?
9
What is the thousands digit of 1068?
1
What is the units digit of 31?
1
What is the hundreds digit of 1395?
3
What is the units digit of 32753?
3
What is the hundreds digit of 15677?
6
What is the hundreds digit of 23415?
4
What is the thousands digit of 17778?
7
What is the units digit of 96?
6
What is the units digit of 350?
0
What is the tens digit of 1864?
6
What is the tens digit of 6338?
3
What is the ten thousands digit of 20884?
2
What is the thousands digit of 20527?
0
What is the tens digit of 3197?
9
What is the tens digit of 347?
4
What is the hundreds digit of 421?
4
What is the tens digit of 2619?
1
What is the tens digit of 44095?
9
What is the tens digit of 401?
0
What is the ten thousands digit of 111042?
1
What is the thousands digit of 4483?
4
What is the thousands digit of 1273?
1
What is the ten thousands digit of 56593?
5
What is the thousands digit of 5706?
5
What is the units digit of 35671?
1
What is the tens digit of 13595?
9
What is the tens digit of 2151?
5
What is the thousands digit of 97881?
7
What is the thousands digit of 9531?
9
What is the units digit of 1398?
8
What is the tens digit of 32635?
3
What is the tens digit of 3093?
9
What is the units digit of 96?
6
What is the thousands digit of 13521?
3
What is the thousands digit of 7218?
7
What is the units digit of 1718?
8
What is the hundreds digit of 130?
1
What is the units digit of 2969?
9
What is the units digit of 23079?
9
What is the tens digit of 6132?
3
What is the thousands digit of 23942?
3
What is the tens digit of 1101?
0
What is the hundreds digit of 20637?
6
What is the tens digit of 611?
1
What is the ten thousands digit of 18199?
1
What is the hundreds digit of 7729?
7
What is the hundreds digit of 110?
1
What is the thousands digit of 1680?
1
What is the tens digit of 1930?
3
What is the tens digit of 481?
8
What is the ten thousands digit of 81695?
8
What is the hundreds digit of 85392?
3
What is the thousands digit of 19353?
9
What is the tens digit of 17366?
6
What is the units digit of 904?
4
What is the ten thousands digit of 43117?
4
What is the hundreds digit of 7213?
2
What is the thousands digit of 3949?
3
What is the thousands digit of 3476?
3
What is the hundreds digit of 27999?
9
What is the units digit of 21166?
6
What is the tens digit of 151668?
6
What is the thousands digit of 5349?
5
What is the ten thousands digit of 63764?
6
What is the units digit of 641?
1
What is the units digit of 1730?
0
What is the hundreds digit of 331?
3
What is the ten thousands digit of 15000?
1
What is the hundreds digit of 1872?
8
What is the units digit of 29450?
0
What is the thousands digit of 21708?
1
What is the units digit of 5829?
9
What is the hundreds digit of 719?
7
What is the units digit of 335?
5
What is the ten thousands digit of 53532?
5
What is the hundreds digit of 131?
1
What is the tens digit of 18975?
7
What is the units digit of 39994?
4
What is the units digit of 33156?
6
What is the hundreds digit of 7605?
6
What is the hundreds digit of 2492?
4
What is the units digit of 8132?
2
What is the hundreds digit of 110?
1
What is the units digit of 2857?
7
What is the tens digit of 3697?
9
What is the ten thousands digit of 33016?
3
What is the hundreds digit of 6213?
2
What is the hundreds digit of 2745?
7
What is the tens digit of 6021?
2
What is the units digit of 690?
0
What is the tens digit of 27913?
1
What is the tens digit of 4744?
4
What is the tens digit of 2296?
9
What is the ten thousands digit of 116071?
1
What is the thousands digit of 5010?
5
What is the thousands digit of 2233?
2
What is the thousands digit of 3035?
3
What is the units digit of 1182?
2
What is the units digit of 14533?
3
What is the hundreds digit of 18591?
5
What is the hundreds digit of 5225?
2
What is the tens digit of 3308?
0
What is the ten thousands digit of 11286?
1
What is the ten thousands digit of 34903?
3
What is the ten thousands digit of 27905?
2
What is the tens digit of 98?
9
What is the units digit of 960?
0
What is the units digit of 7810?
0
What is the thousands digit of 11953?
1
What is the tens digit of 18781?
8
What is the units digit of 76?
6
What is the hundreds digit of 6326?
3
What is the hundreds digit of 1046?
0
What is the ten thousands digit of 18354?
1
What is the thousands digit of 1256?
1
What is the hundreds digit of 26396?
3
What is the units digit of 3777?
7
What is the units digit of 2351?
1
What is the tens digit of 1547?
4
What is the hundreds digit of 15486?
4
What is the thousands digit of 39601?
9
What is the units digit of 1?
1
What is the thousands digit of 1015?
1
What is the tens digit of 80606?
0
What is the tens digit of 1680?
8
What is the units digit of 7056?
6
What is the tens digit of 4971?
7
What is the hundreds digit of 62416?
4
What is the units digit of 1043?
3
What is the hundreds digit of 5864?
8
What is the thousands digit of 130954?
0
What is the units digit of 491?
1
What is the tens digit of 566?
6
What is the units digit of 4072?
2
What is the tens digit of 1183?
8
What is the units digit of 49757?
7
What is the hundreds digit of 9357?
3
What is the thousands digit of 5038?
5
What is the hundreds digit of 5829?
8
What is the thousands digit of 10665?
0
What is the units digit of 12401?
1
What is the thousands digit of 3301?
3
What is the tens digit of 672